25 = a. Calculate the highest common factor of c and n.
5
Let r be (-1 - 6/(-4))*4. Suppose -2 = -t + 2*l, -4*t - r*l - 4 - 18 = 0. Let j = t - -8. Calculate the highest common factor of j and 28.
4
Suppose 0 = 4*t - 0*t - 8. Suppose 6*z - 22 - t = 0. What is the highest common divisor of 1 and z?
1
Let m be 4/(16/140) + 3. Let q = -62 - -119. What is the greatest common factor of m and q?
19
Suppose -3*p - 2*o = -2 - 1, -5*o = -5*p + 30. Suppose -2*f = -p*f + 56. Calculate the greatest common factor of 140 and f.
28
Let h be 2*3/6 + 1. Suppose -2*z - 19 = -4*p - 5, -h*p - 2*z = 2. Let o = 3 - p. What is the greatest common factor of 2 and o?
1
Let v(h) = -71*h**3 + 2*h**2 + h. Let r be v(-1). Let w = 36 + -27. What is the greatest common divisor of r and w?
9
Let t = -84 + 87. Let f be -1 + 32 + (-1 - -3). What is the highest common factor of f and t?
3
Suppose l - 4*s + 3*s - 3 = 0, -3*l = -5*s - 13. Suppose -o - l + 9 = 0. Calculate the highest common factor of o and 72.
8
Suppose -267 = -5*r + 233. What is the greatest common divisor of 20 and r?
20
Suppose 2*a - 6*a + 51 = -3*p, -1 = a + 2*p. Let h = 15 + a. What is the highest common factor of 60 and h?
12
Let b be 10/15 - (-1376)/6. Let h = b - 134. Suppose h = 2*j + j. Calculate the greatest common divisor of j and 8.
8
Let g(i) = 14*i. Let j be g(1). Let d be j/63 + 151/9. What is the highest common divisor of 51 and d?
17
Suppose 90 = i + 4*i. Suppose 3*s = 2*s + i. Calculate the highest common divisor of 9 and s.
9
Let f(h) = 17*h - 42. Let l be f(4). Calculate the highest common factor of 286 and l.
26
Let o(j) = 0*j - 4*j - 2 - j**2 + 2*j**2. Let z be o(6). Let m = 9 + -5. What is the highest common factor of m and z?
2
Suppose 0*r = 4*r + 24. Let a(g) = -5*g + 6. Let s be a(r). Calculate the greatest common factor of 4 and s.
4
Suppose -u = 30 - 6. Let s = -22 - u. Calculate the greatest common factor of 16 and s.
2
Let s(o) = 2*o**3 - o**2 - o + 2. Let y be s(2). Calculate the highest common factor of y and 8.
4
Suppose -w = -u - 3, u - 4 = 5*w - 3. Let c be 1/u - (-21)/4. Suppose 60 = -x + c*x. What is the greatest common divisor of x and 165?
15
Suppose 2*u - 66 = -3*j, 2*u - 3*u = -5*j + 123. What is the greatest common divisor of j and 84?
12
Suppose 5*l - 546 = 3*v, -2*v + 7*v + 318 = 3*l. Suppose l = 5*r - 9. Calculate the highest common factor of 12 and r.
12
Let j be 0 - (12/(-3) + -2). Let o = 1 + 2. What is the highest common divisor of o and j?
3
Let h(n) be the third derivative of -n**6/120 + n**5/20 - n**4/12 + n**3/2 - 3*n**2. Let o be h(2). Calculate the highest common divisor of o and 27.
3
Suppose -6*z - 24 = -9*z. Suppose 3*p - 7*p + z = 0. What is the highest common factor of p and 14?
2
Let v = -2 - 1. Let i be v/(9/6) + 24. What is the highest common divisor of i and 2?
2
Let t(z) = -z**2 + 11*z + 5. Let l be t(6). What is the greatest common divisor of l and 14?
7
Suppose 0 = -2*z - 3*z + 60. Let o = 4 - 2. Suppose 0 = 5*k - 5*w - 325, -3*k + 6*w - o*w = -200. What is the greatest common divisor of z and k?
12
Let s(b) = 3 - 17*b + b**2 - 3 + 12*b. Let y be s(-5). What is the greatest common factor of 20 and y?
10
Let c(a) = a**3 + 10*a**2 - 11*a + 2. Let n be c(-11). Suppose -v = -w - n*v + 101, -4*v - 16 = 0. What is the highest common divisor of w and 15?
15
Let c(i) = i**3 + 4*i**2 - 2*i + 2. Let b be c(-4). Let y be 704/14 + (-4)/14. What is the greatest common factor of b and y?
10
Let p(h) be the first derivative of h**3/3 + 9*h**2 - 3. Let s be p(14). Let b = -294 + s. Calculate the greatest common divisor of 14 and b.
14
Let f = -24 + 30. Suppose -3*g + 14 - 2 = 0. What is the greatest common factor of f and g?
2
Let u = 18 + -13. Suppose u*r = h - 148, -5*r + 20 = -0*r. What is the greatest common factor of 21 and h?
21
Suppose 2*l - 172 = -3*p - 3*l, 0 = 5*p + 5*l - 300. Calculate the highest common factor of 8 and p.
8
Suppose 0*q - 4*n = -3*q + 29, -5*n + 38 = 3*q. Suppose i - 8*s + 16 = -3*s, 5*i + 5*s = 40. Let y = q - i. Calculate the greatest common factor of y and 35.
7
Let l(h) = h**3 - 5*h**2 + 6. Let t be l(5). Calculate the highest common factor of 2 and t.
2
Suppose -12*w + w + 66 = 0. What is the greatest common factor of w and 42?
6
Let c be 117/5 - (-6)/(-15). What is the greatest common divisor of 184 and c?
23
Let k(s) = s**3 + 8*s**2 + s - 9. Suppose 6*r - 3*r - 30 = 0. Suppose r = -4*w - 18. Let o be k(w). Calculate the greatest common factor of 3 and o.
3
Let q = 27 - 16. Suppose m - q = 11. Calculate the highest common factor of 55 and m.
11
Suppose -5*j = -0*j - 5. Let w be (7 - -2) + j + 1. Suppose 0 = m - 5*n - w, 3*m + 3*n - 1 = 14. Calculate the highest common divisor of m and 1.
1
Let b = 139 - 97. Let h be (0 - -27)*b/9. What is the highest common divisor of 18 and h?
18
Suppose -5*p + 22 = -13. Suppose -8*q = -7*q + 3*y - 22, q = -2*y + 17. What is the highest common divisor of q and p?
7
Suppose -3*p = -2*v + 31, v + p = -3*v + 55. What is the greatest common divisor of v and 56?
14
Let s(q) = -q + 27. Let m be s(0). Let n = m + -15. Calculate the highest common divisor of n and 3.
3
Let k = 1 - -4. Let p = k - 3. Suppose -s + w = -11, -s - p = -2*w - 15. What is the highest common factor of 45 and s?
9
Suppose y + 1 = 2. Suppose 3*t - 6*t + 6 = 0. Suppose 3*f + 2*k - 1 = 0, 3*f = 5*k + t + 6. What is the greatest common factor of f and y?
1
Let p(b) = b. Let h(c) = -c + 5. Let i(w) = h(w) + 6*p(w). Let y be i(5). What is the highest common factor of 6 and y?
6
Let b(t) = t**2 + 10*t - 9. Let s be b(-13). Calculate the greatest common divisor of 10 and s.
10
Let c = 14 + -5. Calculate the highest common factor of 81 and c.
9
Let c be 95/15 - (-8)/12. Suppose 145 = 3*x - 23. Calculate the greatest common factor of x and c.
7
Let u be ((-5)/(-1) - 3)*14. Let i be (-1 - 2)*u/(-6). What is the highest common divisor of i and 56?
14
Suppose 2*c = -l - c + 44, c = 5*l - 220. Calculate the highest common factor of 4 and l.
4
Let j(n) = n**2 + n - 4. Let d be j(-4). Suppose -f = -3 + 2. Let s(g) = 8*g. Let k be s(f). What is the greatest common factor of d and k?
8
Suppose 2*s = s + 44. Let f = s - 4. Let p = -5 - -13. What is the highest common factor of f and p?
8
Let s = 3 + -1. Suppose 5*u + 3 = 4*o + 8, 5*o - 50 = -5*u. What is the highest common factor of s and o?
1
Let c = 10 + 13. Calculate the highest common divisor of 207 and c.
23
Let k be 4/(-14) - (-30)/7. Let w be (-2 + -2)*(-6)/k. Suppose -200 = -w*h + 2*h. Calculate the greatest common divisor of 20 and h.
10
Suppose -15 = -4*y - 3*q + 16, -5*q + 5 = 2*y. What is the greatest common factor of y and 70?
10
Let s(k) = 17*k + 1. Let z be s(1). What is the highest common factor of z and 9?
9
Suppose 9 = -s + 18. What is the highest common divisor of 81 and s?
9
Let b = -128 - -163. Calculate the greatest common factor of 28 and b.
7
Suppose -n = 4*n + 5*t - 85, n - 4*t = 2. Let s = n + -9. What is the greatest common factor of 5 and s?
5
Let m(a) = -2*a**3 + 5*a**2 + 14*a - 3. Let c be m(4). Suppose 7*l = 2*l - 3*x + 212, 3*l - 136 = -4*x. Calculate the greatest common divisor of l and c.
5
Let x be (-5 + 7)*4*-1. Let b = 16 + x. Let c = 5 - -3. Calculate the highest common divisor of c and b.
8
Suppose -o - 2225 = -6*o. Let a = -5 + o. Suppose 0 = -h + 6*h - a. Calculate the highest common divisor of h and 11.
11
Let y = 30 + -23. Calculate the highest common divisor of 7 and y.
7
Let l = 37 + 43. Calculate the greatest common factor of l and 20.
20
Let q be (20/(-6))/((-4)/(-18)). Let n be -2 + q/(0 - 1). What is the highest common factor of n and 65?
13
Let o(w) = w**3 + 10*w**2 - 5*w + 2. Let s be o(-10). What is the highest common divisor of s and 130?
26
Suppose 3*m = -m + 16. Let a be 608/44 - m/(-22). Calculate the greatest common factor of 154 and a.
14
Suppose 2 - 1 = 3*t + 5*q, -3*t = -q - 25. Calculate the highest common factor of t and 77.
7
Let b(a) = -a**3 + a**2 + 2*a - 3. Let t be b(2). Let y(n) = -58*n + 2. Let x be y(t). What is the highest common divisor of x and 16?
16
Let k = -13 - -167. Suppose n - 3*x = 22, 0 = -2*n - x + 4*x + 44. What is the highest common factor of k and n?
22
Suppose 7 = -2*v + 2*w - 9, v + 5*w = 22. Let s = 10 + 